 - u + 516, -u = 8*v - 841. Calculate the greatest common factor of v and y.
53
Let u(z) = 162*z**2 + z + 3. Let s be u(0). Calculate the highest common factor of 13 and s.
1
Let a be (27/6)/(2/12). Let m(p) = -p + 5*p + p**2 + 2*p**2 + 3. Let s be m(-3). Calculate the highest common divisor of s and a.
9
Suppose -3636*p + 3639*p - 4104 = 0. Calculate the highest common divisor of 72 and p.
72
Suppose o - 1 = 2. Suppose -4*v = -5*l - 97, -o*v = 4*l - 48 + 14. What is the greatest common factor of 12 and v?
6
Suppose 0 = -2*w + m + 8, -10 = w + 4*m + 4. Suppose 2*r + 354 = 7*r + 3*o, 5*o + 123 = w*r. What is the greatest common factor of r and 23?
23
Let p be 83/4*(-8)/(-2). Suppose 0 = -4*z + i - 2*i + 79, -4*z + 3*i = -p. Calculate the highest common factor of 5 and z.
5
Suppose 2*u - 3*g - 19 = -0*g, 2*g - 4 = -2*u. Let s be -224 + -1 + (2 - u). Let o be s/(-14) + 8/(-28). Calculate the highest common factor of o and 144.
16
Suppose o - 112 = -5*h, -3*o - 85 = -4*o + 4*h. Let n be o/2 + (-24)/(-48). Calculate the greatest common divisor of n and 14.
7
Suppose -3*w + 2*w + 5 = 0. Suppose w*f + 2*f = 14. Calculate the highest common factor of 5 and f.
1
Suppose -1120 = -9*h + 2*h. What is the greatest common divisor of 80 and h?
80
Let l(g) = -2*g + 6. Let a be l(-3). Let q(v) = 34*v**2 + v - 2. Let d be q(-2). What is the greatest common divisor of d and a?
12
Let u(g) = -g**3 - 3*g**2 + g + 4. Let z be u(-3). Let q(w) = 9*w. Let r be q(z). Let h be (-2 + 69/12)*612/85. Calculate the highest common divisor of r and h.
9
Suppose n = 3*n - 32. Let s = -11 + 10. Let i be -1 + (-1 - s*26). What is the highest common factor of i and n?
8
Suppose 5*l = 3*q - 2*q - 355, 0 = 3*q - 2*l - 1130. Calculate the highest common divisor of q and 76.
76
Let r(n) = n**3 + 5*n**2 + 2*n + 10. Let c be r(7). Calculate the greatest common factor of c and 68.
68
Suppose g + 10 = 16. Let z be (-10 - 1)/(2/g*-3). What is the greatest common divisor of z and 121?
11
Let i(j) = j**2 - 4*j - 16. Let q be i(7). Suppose -p - q - 2 = 0. Let u = p - -8. What is the highest common factor of 3 and u?
1
Suppose -30 = -2*h - 48, 0 = 2*d - 3*h - 77. Let j = 115 - 40. Calculate the highest common factor of j and d.
25
Let n be -2 + 1 - -25 - 3. Let i be 6/n - (-48)/28. Calculate the greatest common factor of i and 1.
1
Suppose -6*h - 30 = -948. Let x(v) = -v + 10. Suppose k + 5 = -2. Let d be x(k). Calculate the highest common divisor of h and d.
17
Let s = 738 - 686. Calculate the greatest common factor of s and 39.
13
Suppose 2*h - 78 = 2*d, -h - 2*d - 1 = -55. Let b be (43/(-4) + 8)*(1 - 25). Calculate the greatest common factor of h and b.
22
Let r be 5/2*258/215. What is the highest common factor of r and 2?
1
Let g be 3 + 0/(-1 - -5). What is the greatest common divisor of g and 7?
1
Let g(i) = 9*i + 7. Let y be g(5). Let c be (y - (4 - 4))/2. Let a = c - 16. Calculate the highest common divisor of 70 and a.
10
Let a(r) = -3 - r + 3*r - 4. Let m be a(6). Let q(u) = -u**3 + 6*u**2 - u + 6. Let x be q(m). Calculate the highest common factor of 65 and x.
13
Let w be ((-296)/(-6))/((-50)/(-675)). Calculate the highest common factor of w and 37.
37
Suppose 3*a = -0*h + 5*h - 14, a - 2*h = -6. Let i be (-45)/(-10)*-1*-4. What is the greatest common factor of a and i?
2
Let o = 6 + -7. Let g = o - -5. Suppose g*j + 62 = 3*d, j + 1 - 83 = -3*d. Calculate the highest common factor of 13 and d.
13
Let s = 4 + -13. Let o be (-40)/180 - 119/s. Calculate the greatest common divisor of o and 13.
13
Let u(o) = o**3 - 47*o**2 + 99*o - 165. Let c be u(45). Let n be (-1 + 11)/((-2)/(-8)). Calculate the greatest common factor of n and c.
40
Let v be 13/3 + 4/6. Let f = -61 + 81. What is the highest common divisor of f and v?
5
Let p(c) = -14*c**3 - 3*c**2 - 4*c - 1. Let y be p(-1). What is the greatest common factor of 28 and y?
14
Suppose -2*o = o + 3*o. Suppose -d + 33 = -o*d. What is the greatest common divisor of d and 3?
3
Suppose n - 2 - 2 = 0. Let j = 55 - 8. Suppose -2*v + 219 = 5*u + j, 3*u - 5*v = 128. Calculate the highest common factor of u and n.
4
Let h = 77 + -38. Let t be 5/(-10 + 5) - -13. Suppose 26 = 5*z + 4*j - 19, 5*j = -z - t. Calculate the greatest common factor of h and z.
13
Let t(f) = -109*f + 1. Let b be t(-2). Suppose -1711 = -5*i + b. Let w = i - 166. What is the highest common divisor of w and 20?
20
Suppose 6 = k - 605. What is the highest common factor of k and 47?
47
Let x be ((-30)/(-50))/(1/35). Let n = -7 + 1. Let l be n/(-4)*56/x. Calculate the greatest common factor of 16 and l.
4
Suppose 0 = -3*k - 59 - 1153. Let y be ((-24)/(-15))/(-4) + k/(-10). Calculate the highest common factor of 160 and y.
40
Suppose 0 = 3*d + 12*d - 45. Let t be 16/24*2*d. Calculate the highest common factor of 1 and t.
1
Let t = -16 + 28. Let m be (-1 - -6) + (-1500)/(-60). Calculate the greatest common factor of m and t.
6
Let g be (-91)/(-13) - (742/(-7) - -1). What is the highest common divisor of 154 and g?
14
Suppose 4*g - 507 - 69 = 0. Suppose 7*q - g = 3*q. Calculate the highest common divisor of q and 12.
12
Suppose -d - 4*g + 9*g = -1, 0 = 5*d - 4*g + 79. Let s = d - -55. Calculate the highest common divisor of s and 24.
12
Suppose -3*h = -4*z - 754, 3*z - 3*h + 571 = 2*h. Let p = -106 - z. What is the highest common factor of 27 and p?
27
Suppose 0 = -16*l + 13*l + 60. What is the highest common divisor of l and 320?
20
Let v(p) = p**3 - 13*p**2 + 13*p - 10. Let i be v(12). Let g be (156/(-8) + -6)*i/(-3). Calculate the highest common factor of g and 187.
17
Suppose 2*y + 153 = 2*o - y, 0 = 2*o + 4*y - 132. Calculate the greatest common divisor of o and 324.
36
Let k be (49 + -22)*2/6. Let r(d) = 18*d. Let m be r(1). Calculate the greatest common divisor of k and m.
9
Suppose m = 4*m + 5*q + 8, 0 = m + q. Suppose -36 = 2*y - 4*s, m*s + 13 + 31 = -3*y. Let j = -8 - y. Calculate the highest common divisor of 88 and j.
8
Let b(z) = 4*z**2 - 8*z + 8. Let t be b(8). What is the greatest common factor of t and 280?
40
Let h = 31 - 27. Suppose -4*o = 4*z - 8, -6*o + o - 26 = -z. What is the highest common factor of h and z?
2
Suppose 20 = -2*j + 7*j. Let l be (-1)/(j/104*-2). Let u be 78/l*(-8)/(-3). What is the greatest common divisor of u and 16?
16
Let w(q) = 2*q**3 + 20*q**2 - 3*q - 7. Let s be w(-10). Calculate the highest common factor of 1472 and s.
23
Suppose -2*r - 5*b - 19 + 0 = 0, 0 = -5*r - 4*b - 5. Let z be (-649)/(-209) - (-4)/(-38). Calculate the greatest common divisor of z and r.
3
Let c be (-48)/(-1) + (3 - 0). Suppose g = -5*a + 56 + 22, -a = g - 70. Suppose 0 = -r + 5*r - g. Calculate the highest common divisor of r and c.
17
Suppose -5*r = 6*s - 4*s - 130, 0 = r - 2. Suppose v - s = -4*v. Suppose -8 = -5*g + 3*a + v, -20 = -5*g - 3*a. What is the greatest common divisor of g and 1?
1
Let q(k) = -k**3 - 18*k**2 - 9*k - 27. Let u be q(-17). Let h = u - -205. Calculate the highest common factor of h and 105.
21
Let d be 2/(3 + -1) - -5. Suppose 2*i = d*i - 12. Suppose -4 = a - i*a. What is the highest common factor of 14 and a?
2
Let n = -148 - -207. Let h = n - 29. What is the highest common factor of 20 and h?
10
Let s = -75 - -80. Let c be (s - (-12)/(-3))*11. What is the greatest common factor of 187 and c?
11
Suppose 9*s + 1419 = 12*s. Suppose -7*m + s = 123. What is the highest common factor of 450 and m?
50
Suppose 4*c + 8*s - 64 = 4*s, 4*c = -3*s + 63. Let z be -1 - ((-18)/2 - -2). Calculate the highest common divisor of c and z.
3
Suppose 43*y - 2028 = 6744. Calculate the highest common factor of y and 12.
12
Let l(z) = 2*z + 17. Let u be l(-6). Suppose 2*n - 2*y - 10 = 0, -37 = -u*n + 3*y - 4. What is the highest common divisor of 99 and n?
9
Suppose l - 262 = -3*c, -l = -0*l + 2. Let w = c - 65. What is the highest common factor of w and 46?
23
Suppose 4*g = -3*i + 67, -3*i - 2*i = -5*g + 75. Let q = 1769 - 1689. What is the highest common divisor of q and g?
16
Suppose 3*b - t = 25, 0 = t - 8 + 6. What is the highest common divisor of 99 and b?
9
Let t be 1 - (-56 + 2/1). Suppose 0*p = -20*p - 720. Let y = t + p. Calculate the highest common divisor of 19 and y.
19
Let f be 2*2*(-2)/8. Let j be f/((4/(-308))/1). What is the highest common fa